13). Suppose -5*j + n + 81 = t. List the prime factors of j.
53
Let i = 742 + -375. List the prime factors of i.
367
Suppose -18*l + 34*l - 1504 = 0. List the prime factors of l.
2, 47
Suppose -10*w + 7*w + 15 = 0. Suppose -w*y + 325 = -60. What are the prime factors of y?
7, 11
What are the prime factors of 5 + -6 + 0 + 258?
257
Suppose -4*z = 64 - 0. Let f = 30 + z. What are the prime factors of f?
2, 7
Suppose -6809*n + 6806*n = -16473. List the prime factors of n.
17, 19
Suppose 0 = p - 5 + 6, -3*m + 5710 = 2*p. List the prime factors of m.
2, 7, 17
Let f = 63 - 61. Suppose 11*u - f*u - 1836 = 0. List the prime factors of u.
2, 3, 17
Let h(z) = -10*z**2 + 12*z + 38. Let o(u) = 5*u**2 - 6*u - 19. Let a(c) = 6*h(c) + 13*o(c). List the prime factors of a(6).
5
Let a = -134 + 287. What are the prime factors of a?
3, 17
Suppose -2*u - 45 + 5 = 0. What are the prime factors of (32/u)/((-2)/25)?
2, 5
Let y = 765 - -1344. List the prime factors of y.
3, 19, 37
Let c = -17 - -17. Suppose c = 4*x + 4. List the prime factors of -2 - 2/x - -22.
2, 11
Let h be (-87)/4 + 1/(-4). Suppose 0 = s + 3*v + 2 + 2, -2*v = 0. Let m = s - h. What are the prime factors of m?
2, 3
Suppose 2*b = -29 + 73. Let t = b + 89. What are the prime factors of t?
3, 37
Let i(b) = -b. Let s(d) = 12*d - 3. Let a(u) = -4*i(u) + s(u). List the prime factors of a(1).
13
Let l(r) = -3*r - 17. Let a(y) = 8*y + 50. Let c(q) = 4*a(q) + 11*l(q). Let p = 20 + -14. List the prime factors of c(p).
7
Let i(v) = 3*v - 16. List the prime factors of i(10).
2, 7
Let o be 7/(-4) + 12/16. Let g be (1 + (32 - o))/2. Let x = g - -24. List the prime factors of x.
41
Let v(a) = 9*a**2 - 5*a - 53. Let y(i) be the first derivative of i**3 - i**2 - 18*i + 13. Let m(h) = 6*v(h) - 17*y(h). List the prime factors of m(-6).
2, 3
List the prime factors of (-25)/(-15) + 45584/24 + -1.
2, 5, 19
Suppose -2*k + 6*k = 2956. What are the prime factors of k?
739
Let o = 21 + 226. What are the prime factors of o?
13, 19
Let h be 10/4 - (-4)/(-8). Suppose 2*o + 8 = 0, 0 = 4*v + o - h*o - 60. Let m(y) = y**3 - 15*y**2 + 15*y + 5. List the prime factors of m(v).
19
Suppose -2*c + 352 = 3*n - 139, -c + 243 = 4*n. What are the prime factors of c?
13, 19
Let m(j) be the first derivative of -3 - 5/2*j**2 + 7*j. List the prime factors of m(-9).
2, 13
Suppose -3*s + 3*f = -696, -928 = -3*s - s - 4*f. List the prime factors of s.
2, 29
Let w = 4 - 1. Let p be 87/9 + w/9. Suppose p + 2 = 2*h. What are the prime factors of h?
2, 3
Let i = -2302 + 3447. Suppose d + i = -2*n + 6*n, n + 4*d - 299 = 0. List the prime factors of n.
7, 41
List the prime factors of (-63345)/(-18) - (-7)/(-42).
3, 17, 23
Let b = -500 + 1161. What are the prime factors of b?
661
Let m(c) = -4*c**3 + 8*c**2 + 8*c + 24. List the prime factors of m(-5).
2, 3, 19
Suppose -3757 = -49*r + 6974. What are the prime factors of r?
3, 73
Let t(s) be the second derivative of s**5/10 - s**4/6 - s**3/3 + s**2/2 - 4*s. Let z be t(2). Suppose 4*b - 7 = z. List the prime factors of b.
3
Suppose -8 = -2*v - 26. Let m(c) = c**2 + 7*c - 12. Let j be m(v). List the prime factors of (-1)/j - 553/(-42).
13
Suppose -1854 = -3*k + 108*v - 105*v, 5*k + v - 3060 = 0. List the prime factors of k.
613
Let u(r) = -46*r + 4. Suppose 13*k = 10*k - 6. List the prime factors of u(k).
2, 3
Suppose 30*j - 12 = 31*j. List the prime factors of (j/(-8))/(3/146).
73
Let y(z) = 2*z**2 + 4*z - 2. Let g be y(-6). Let d = g + 10. List the prime factors of d.
2, 7
Let n = -138 + 140. Suppose n*k - 241 = 2*q + 27, -q - 524 = -4*k. List the prime factors of k.
2, 5, 13
List the prime factors of 449 + 0*(-2 - (-15)/10).
449
Let h = 4 + 8. Let r be (h/10)/(5/(-125)). What are the prime factors of (r/4)/(2/(-4))?
3, 5
Let s be (-4543)/(-15) + 6/45. Suppose 14*p = 1465 - s. What are the prime factors of p?
83
Suppose 0 = 3*a - 0*a - 126. Let v = 87 - a. What are the prime factors of v?
3, 5
Suppose 6*n + 22 = -14. Let c(p) = -p**3 - 5*p**2 + 5*p + 2. What are the prime factors of c(n)?
2
What are the prime factors of 13 + -14 - 2508/(-1 - 0)?
23, 109
Suppose 0 = -2*f - 3 + 19. List the prime factors of 197 + 0 - (f + -5).
2, 97
Let y = 953 - -509. What are the prime factors of y?
2, 17, 43
Let r(t) = 81*t**3 + 10*t**2 + 4*t - 13. What are the prime factors of r(3)?
2, 569
Suppose 0 = 3*k + 5*w - 427, -3*k - 2*k + 5*w = -645. Suppose -2*o + 2*t - 236 = 2*o, -2*o = -5*t + k. Let q = o + 84. What are the prime factors of q?
3
Let c(f) = -2*f - 6. Let h(v) = -v**3 - 4*v**2 - 6. Let o be h(-4). What are the prime factors of c(o)?
2, 3
Let m(q) = q + 11. Let g be m(-5). Suppose 0 = 3*n - 2*s - 149, 2*n + 5*s + 194 = g*n. What are the prime factors of n?
3, 17
Let b(i) = -i - 17. Let j be b(-7). Let p = -5 - j. List the prime factors of p.
5
Let c = 24 + -22. Suppose 7*j = c*j. Suppose -120 = -4*u + m + m, j = 4*u + 3*m - 140. List the prime factors of u.
2
Suppose -5*s = -2*u + 2318, -3*s - 5757 = -0*u - 5*u. What are the prime factors of u?
3, 383
Let v(t) = -t**3 - 75 + 4*t + 9*t - 15*t**2 - 24*t. What are the prime factors of v(-15)?
2, 3, 5
Suppose 6*h = h - 2*x + 7, 0 = 3*h - 5*x + 2. Let w(i) = i**3 - 10*i**2 + 10*i + 10. Let r be w(9). Suppose -r + h = -s. What are the prime factors of s?
2, 3
Let c(d) be the first derivative of -2*d + 0 + 0*d**2 + 3 + 1 - d**2. What are the prime factors of c(-14)?
2, 13
Let n(v) = v**2 + 2*v - 2. Let t be n(-3). Let y = -14 - t. Let r = y + 32. What are the prime factors of r?
17
Let g = 659 + -240. What are the prime factors of g?
419
Suppose -31 = -7*g - 115. Let m(f) = f**2 - 7*f - 16. List the prime factors of m(g).
2, 53
Let d = 841 + -479. What are the prime factors of d?
2, 181
Let t = -1 + -2. Let x be 0/t - 113*-1. Suppose 4*p + n - 23 - x = 0, 0 = -2*p - 4*n + 68. List the prime factors of p.
2, 17
Let w(x) = -3*x**3 + 5*x**2 + 3. Let t(y) = 10*y**3 - 15*y**2 - 9. Let c(r) = 2*t(r) + 7*w(r). Let j be c(4). Let m = -13 + j. List the prime factors of m.
2, 3
Let q(m) = -5*m**3 - 2*m**2 - m. Let c be q(-2). Let s = c - 4. List the prime factors of s.
2, 3, 5
Suppose -6*f = -28443 + 3927. List the prime factors of f.
2, 3, 227
Let c = 31 - 19. Suppose -2*x = 4*u - 0*u - 26, 3*u = 2*x - c. Let q(a) = 2*a - 9. List the prime factors of q(x).
3
Let w be 21/14 + (-51)/2. Let t = w + 19. Let x(m) = -11*m - 5. What are the prime factors of x(t)?
2, 5
Let i(f) be the first derivative of -33*f**2/2 - 35*f - 42. List the prime factors of i(-4).
97
Let n(j) = -2*j + 9. Let m(a) = a + 1. Let i = 16 - 15. Let c(g) = i*n(g) - 4*m(g). What are the prime factors of c(-4)?
29
Suppose 4*g + 912 = -3*u + 4271, -4*u + 4482 = 2*g. What are the prime factors of u?
19, 59
Let b(h) = 26*h - 1. Let x be b(1). Suppose c = 100 + x. Suppose -j + 5 = 0, 4*y + j = y + c. List the prime factors of y.
2, 5
Let t(r) = -13*r**2 + 49*r - 19. Let m(z) = -3*z**2 + 12*z - 5. Let s(y) = 9*m(y) - 2*t(y). Let j be s(9). What are the prime factors of ((-244)/(-8))/(1/j)?
61
Suppose -8*w = -4*w - 4*u, -2*u = 8. Let d(z) = z**3 + 4*z**2 - 2*z - 3. Let b be d(w). List the prime factors of 36/60 + 37/b.
2
Let m = 14 + -17. Let u be (-24)/(-9) + 2/m. Suppose -u*p - 120 = -7*p. What are the prime factors of p?
2, 3
List the prime factors of (0 - 2/3) + (-4722)/(-9).
2, 131
Let x be ((-6)/4)/((-1447)/362 - -4). Let a = -319 - x. What are the prime factors of a?
2, 7
Let y(i) = 21*i**3 + 6*i**2 - 40*i - 3. List the prime factors of y(5).
2, 643
Suppose 3*q + 500 = 8. Let b be q - (-3 + -4 + 3). What are the prime factors of (-18)/(-8)*b/(-30)?
2, 3
Suppose 3*s = 4 + 8. Let d be (-1)/((-4)/4)*48. What are the prime factors of (10/8)/(s/d)?
3, 5
Suppose 0 = -h + 44 + 151. Let b be h/20 + 4/16. Suppose 6*v + 172 = b*v. What are the prime factors of v?
43
Let h(b) = 9*b - 3*b**2 - 11*b + 3*b + 20*b**3 + b**2. Suppose -3*r + s = -0*r, -5*r - 4*s = -17. List the prime factors of h(r).
19
Let d(o) = 3*o - 1. Suppose -b + 10 - 4 = 4*n, -4 = -2*n - b. What are the prime factors of d(n)?
2
Suppose 41*b - 15543 = 8*b. List the prime factors of b.
3, 157
Suppose -5170 = 4*o + 1370. Suppose 0 = 4*l + 111 + 149. List the prime factors of o/l + (-2)/13.
5
Let b(d) = -14 + 9 + 2*d - 10. Let v be b(7). List the prime fa